3847 composite?
False
Is 2126129 prime?
True
Is 187903813 composite?
True
Is 209099 prime?
False
Is 40109519 a composite number?
True
Is 17927797 a prime number?
True
Is 47565239 a prime number?
False
Is 53863867 composite?
False
Is 164359537 a composite number?
False
Is 271727 a prime number?
False
Is 486601 a composite number?
False
Is 30092357 a prime number?
True
Is 4018115 a composite number?
True
Is 81033143 a composite number?
True
Is 739817165 a composite number?
True
Is 1262377 composite?
False
Is 16329719 a prime number?
False
Is 151591 composite?
True
Is 3827611 composite?
False
Is 4564187 composite?
True
Is 2388893 composite?
True
Is 2686993 a composite number?
False
Is 1976413 a prime number?
False
Is 12324761 composite?
False
Is 201257 composite?
True
Is 1435901 a prime number?
True
Is 87519 prime?
False
Is 7721761 a prime number?
True
Is 22336499 composite?
False
Is 4764469 a composite number?
False
Is 186587309 a composite number?
False
Is 9067087 prime?
True
Is 21630787 prime?
False
Is 175992409 a prime number?
False
Is 3471935 a composite number?
True
Is 4722427 a composite number?
True
Is 73957613 prime?
False
Is 7318397 composite?
False
Is 39731579 prime?
True
Is 106473671 a composite number?
False
Is 1716761 a composite number?
False
Is 17591233 composite?
True
Is 2109235 composite?
True
Is 18065617 composite?
False
Is 517429637 a composite number?
True
Is 971765 a composite number?
True
Is 337849 a prime number?
False
Is 12258013 composite?
True
Is 611057 composite?
False
Is 258650113 composite?
False
Is 230450933 a prime number?
False
Is 554621 a composite number?
True
Is 273218989 a prime number?
False
Is 51755731 composite?
False
Is 2090927 composite?
True
Is 152557 a composite number?
True
Is 8733409 a composite number?
True
Is 24834319 prime?
False
Is 4020493 composite?
False
Is 141247123 a prime number?
True
Is 3307559 prime?
True
Is 19706543 a prime number?
True
Is 1960033 composite?
False
Is 117148657 prime?
True
Is 1353643 composite?
True
Is 144635917 a composite number?
False
Is 10575911 a composite number?
False
Is 3213227 prime?
False
Is 115601807 composite?
False
Is 197760295 a prime number?
False
Is 3453403 a composite number?
False
Is 52890907 a prime number?
True
Is 4533349 prime?
True
Is 26149247 a composite number?
True
Is 210057 prime?
False
Is 6773189 prime?
True
Is 78482951 prime?
True
Is 1399549 a composite number?
False
Is 194344891 a prime number?
False
Is 3357593 a composite number?
False
Is 76202953 composite?
False
Is 1542661 prime?
True
Is 11859395 composite?
True
Is 82615963 a prime number?
True
Is 8460215 prime?
False
Is 846901 a composite number?
True
Is 2518951 prime?
True
Is 13879499 composite?
True
Is 699562679 prime?
False
Is 2407511 a prime number?
False
Is 10468351 composite?
True
Is 8931493 a prime number?
True
Is 243305903 prime?
False
Is 819193 composite?
True
Is 38282693 composite?
False
Is 49095839 composite?
True
Is 38839763 a composite number?
False
Is 21672481 a composite number?
False
Is 3561763 prime?
False
Is 16054141 a prime number?
True
Is 759042743 prime?
True
Is 278777 a prime number?
False
Is 5170351 prime?
True
Is 2239465 a composite number?
True
Is 7331147 prime?
True
Is 418699037 composite?
True
Is 328618151 a prime number?
True
Is 17056037 composite?
False
Is 52689067 prime?
False
Is 332293 prime?
False
Is 93523031 a composite number?
True
Is 694817 composite?
True
Is 37841149 prime?
True
Is 267767287 a composite number?
False
Is 20621 prime?
False
Is 9686647 a prime number?
True
Is 9794311 a composite number?
False
Is 55169251 a prime number?
False
Is 3832993 a prime number?
True
Is 9296057 prime?
False
Is 34753519 composite?
True
Is 384535 a prime number?
False
Is 51587351 composite?
False
Is 6030589 composite?
True
Is 556185605 a prime number?
False
Is 4621639 composite?
True
Is 331651 composite?
False
Is 1117513 a composite number?
False
Is 98389637 a prime number?
False
Is 24340583 a prime number?
False
Is 235505527 composite?
True
Is 12272711 a prime number?
False
Is 11740501 composite?
False
Is 157234493 prime?
False
Is 10661837 a prime number?
False
Is 29321119 a composite number?
True
Is 170535362 prime?
False
Is 965003 a composite number?
True
Is 4669051 prime?
True
Is 8187749 a composite number?
True
Is 1570837 prime?
True
Is 7026013 a composite number?
False
Is 373547123 composite?
False
Is 33721747 prime?
True
Is 42035417 a prime number?
True
Is 1013603 composite?
False
Is 187273 prime?
True
Is 231066457 a prime number?
True
Is 409271017 composite?
True
Is 18123781 composite?
True
Is 4541837 a composite number?
True
Is 98986378 prime?
False
Is 14694571 prime?
True
Is 9399979 a prime number?
False
Is 1908041 composite?
False
Is 153631969 a prime number?
True
Is 184453067 a prime number?
False
Is 184160681 prime?
True
Is 59663767 composite?
False
Is 930595 a prime number?
False
Is 54207229 a composite number?
False
Is 22602831 a composite number?
True
Is 7340407 a prime number?
False
Is 126682814 a composite number?
True
Is 296073803 a composite number?
True
Is 1079242 a composite number?
True
Is 2127469 prime?
False
Is 1314772769 prime?
True
Is 104250931 composite?
False
Is 1432901 composite?
True
Is 101809667 prime?
False
Is 283580389 prime?
False
Is 5849969 prime?
True
Is 605959 prime?
False
Is 330325661 prime?
True
Is 334193 composite?
True
Is 1760722 a composite number?
True
Is 189464879 a composite number?
False
Is 12580483 composite?
False
Is 5313797 a prime number?
True
Is 1195663 prime?
False
Is 41914063 a prime number?
True
Is 288243719 composite?
False
Is 4260209 a prime number?
True
Is 804443 a prime number?
True
Is 2134205 composite?
True
Is 3960409 prime?
False
Is 26924693 composite?
True
Is 2497476265 composite?
True
Is 1105801 a prime number?
False
Is 392361589 composite?
False
Is 2677937 composite?
False
Is 13550557 prime?
True
Is 1923611 a prime number?
True
Is 105326261 a prime number?
False
Is 13415399 a prime number?
True
Is 4279083 a prime number?
False
Is 682411 composite?
False
Is 135533 prime?
True
Is 892817333 composite?
False
Is 2220419 prime?
True
Is 4020671 prime?
True
Is 20216458 prime?
False
Is 817837 a composite number?
False
Is 22573703 a prime number?
True
Is 1279939 prime?
False
Is 28136939 composite?
True
Is 39460535 prime?
False
Is 5826785 a prime number?
False
Is 208572889 a prime number?
False
Is 4351 a composite number?
True
Is 357933593 a prime number?
True
Is 64768651 composite?
False
Is 2627743 composite?
True
Is 33924434 prime?
False
Is 33648157 a composite number?
False
Is 9582121 prime?
False
Is 21316091 a prime number?
True
Is 612923 prime?
True
Is 19231321 a composite number?
True
Is 276018133 composite?
False
Is 135517189 a prime number?
True
Is 3802187 a composite number?
False
Is 8215153 a composite number?
False
Is 67466293 a composite number?
False
Is 5770343 a prime number?
True
Is 35130253 prime?
False
Is 2236943 prime?
True
Is 11870393 composite?
False
Is 523741 a prime number?
True
Is 234280803 prime?
False
Is 1085551 composite?
False
Is 117556451 a composite number?
True
Is 125262781 composite?
True
Is 1266101 a composite number?
False
Is 5420917 a composite number?
False
Is 39374903 a composite number?
True
Is 84897335 prime?
False
Is 619967 composite?
False
Is 3083683 a prime number?
True
Is 18957247 a composite number?
False
Is 5729029 a prime number?
False
Is 2660417 composite?
False
Is 1399799 a composite number?
True
Is 47773541 a composite number?
False
Is 170107867 a prime number?
False
Is 257746249 a prime number?
True
Is 573569 a composite number?
False
Is 7344041 a prime number?
True
Is 1387667 composite?
False
Is 5175187 composite?
False
Is 8519101 a prime number?
False
Is 820271 prime?
True
Is 76112987 composite?
False
Is 56959863 a composite number?
True
Is 20058301 prime?
True
Is 15360109 a prime number?
True
Is 837714113 prime?
True
Is 333841 a composite number?
True
Is 6585983 prime?
True
Is 5158411 composite?
False
Is 1520567 composite?
True
Is 119519 composite?
True
Is 665529519 a composite number?
True
Is 5493811 prime?
True
Is 3204538 a composite number?
True
Is 2163529 a composite number?
True
Is 19447339 composite?
True
Is 120449523 composite?
True
Is 1528559 prime?
Fals